3 and a?
3
Let a = 48 + -42. Let n be a/(-2) - (-41 + 0). What is the greatest common divisor of 114 and n?
38
Let d = -83 + 50. Let g be -9*(4/22 - (-237)/d). What is the highest common factor of 18 and g?
9
Let a be 4 - (1 + 4/(-2)). Suppose 0 = a*f - 6*q + q - 85, 0 = -5*f - 5*q + 35. Let s be 1340/14 - (-2)/7. What is the greatest common factor of s and f?
12
Suppose 6*k - 11*k + 35 = -5*n, 4*k = -5*n - 8. Calculate the greatest common divisor of k and 12.
3
Let x = -353 - -402. Let d = -97 + 195. Calculate the greatest common divisor of x and d.
49
Let d be (-11)/(-44) + (-15115)/(-20). Calculate the greatest common divisor of d and 168.
84
Let u(l) = -2*l - 10. Let w = -10 - 12. Let d(c) = 1. Let p(f) = w*d(f) - 2*u(f). Let m be p(8). Calculate the highest common factor of m and 75.
15
Let u(q) = -q**2 - 5*q + 45. Let a be u(-9). What is the greatest common divisor of a and 12?
3
Let u be (-10)/(-4) - 76/(-8). Let c(q) = -q**2 + 10*q + 9. Let g be c(7). Calculate the greatest common factor of u and g.
6
Let q(j) = 3*j**2 + 28*j + 118. Let i be q(-7). Calculate the greatest common divisor of i and 48.
3
Let y be (1/2)/(10*10/26600). Calculate the highest common factor of y and 38.
19
Let f be (-51)/(-119) + -1 + 242/7. Suppose -2*a + 544 = -0*a. Calculate the greatest common divisor of f and a.
34
Let p(x) = -2*x**2 + 17*x + 13. Let a be p(9). Suppose a*d + 5 - 37 = 0. Calculate the greatest common divisor of d and 16.
8
Let p = -39 - -44. Suppose p*w = 2*w + 18. What is the highest common factor of 4 and w?
2
Let h = 673 - 627. Calculate the highest common factor of 115 and h.
23
Let z(r) = -r**2 + 47*r - 22. Let u be z(45). What is the highest common divisor of u and 51?
17
Let x(f) = 51*f**2 - 1. Let q be x(-1). Let k(p) = 6*p - 2. Let y be (-4 + 12)/(-4)*-1. Let s be k(y). What is the greatest common divisor of s and q?
10
Let b(a) = a**2 - 4*a - 13. Let n be b(9). Suppose 132 + 74 = -5*r - 3*h, -5*r - 212 = h. Let x = n - r. What is the highest common factor of 30 and x?
15
Let s be -2 + 14/6 + (-20)/(-30). Let z be s - (6/4 + 1240/(-16)). Let d be (1/(-2))/(2/(-28)). What is the greatest common divisor of z and d?
7
Let x(c) = 2*c**3 - 5*c**2 - 3. Let j be x(3). Let r(i) = -i**3 + 16*i**2 + 18*i - 13. Let p be r(17). What is the highest common factor of p and j?
2
Let y be (-2)/(-1*(-5)/(-10)). Suppose -4*n - 12 = -y*s, -4*n + 12 = 6*s - 2*s. What is the highest common factor of 33 and s?
3
Let y = 10 + 8. Let o = -8 + y. Calculate the greatest common factor of o and 10.
10
Suppose 3*r = -7*r + 1610. What is the highest common factor of r and 92?
23
Suppose 4*u + 4*j - 14368 = 0, -9*u + 11*u = 3*j + 7164. What is the greatest common factor of u and 69?
69
Let w = 122 + -51. Suppose 0 = 4*f + 4*l - 36, 4*f - 5*l - w = -2*l. What is the highest common divisor of 77 and f?
7
Suppose 33*d - 38*d = 100. Let w be d/8*3*-2. Let f = -193 - -298. Calculate the highest common factor of w and f.
15
Let k = -34 + 116. Let r = k + -42. Let x = 13 + -3. What is the highest common factor of r and x?
10
Suppose 17 = 5*w - 2*d, -2*w + 11 = 2*w + d. Suppose -w*s = 5*q - 101, 2*s - 42 = -4*q + 26. What is the highest common divisor of s and 256?
32
Suppose 160 = k - 131*q + 127*q, 0 = k - 5*q - 158. Calculate the greatest common divisor of k and 476.
28
Let g = 1608 + -1600. Calculate the highest common divisor of 36 and g.
4
Let f = -77 - -81. Suppose -f*a - d = -16, 0 = -a - 0*a - 5*d + 23. What is the highest common factor of 27 and a?
3
Let c be ((-4)/1)/(-3 - -1). Suppose k - 33 = c. What is the highest common factor of k and 5?
5
Suppose -k - 19 = -32. Let t be 2008/14 - (-18)/(-42). Calculate the greatest common divisor of k and t.
13
Let p be 2/(-4) + 2 + 12/(-24). What is the greatest common factor of 1 and p?
1
Let u = 5673 + -4021. What is the highest common factor of 28 and u?
28
Suppose 3*i = -b + 37, -96*i = -93*i - 4*b - 17. Calculate the highest common divisor of 1243 and i.
11
Let g be (-2 - 1)*-1*7/7. Suppose 0 = g*k + k - 128. What is the greatest common divisor of k and 48?
16
Suppose 0 = -15*n + 11*n + 232. Suppose 5*i - n = 82. What is the greatest common divisor of 42 and i?
14
Let c = 231 + 209. Calculate the greatest common factor of c and 55.
55
Suppose s = -3*s + 144. Suppose 0 = -5*p - 27 + 7. Let r = s + p. What is the highest common factor of r and 8?
8
Let x = 562 - 188. Let c = x - 176. Calculate the highest common factor of 22 and c.
22
Let i = 29 - 18. Suppose i*s - 10*s - 130 = 0. What is the greatest common factor of 26 and s?
26
Let v be (0 + -4)/(-4)*6/2. Suppose -6 = -v*y + 5*n - 1, -3*n = 4*y - 55. Calculate the greatest common divisor of y and 70.
10
Let h(l) = l**2 + 15*l + 26. Let o be h(-18). Let d = 116 - o. What is the highest common divisor of d and 12?
12
Let r be -414*(3 - 7/2). Let q be ((2392/12)/(-13))/(4/(-6)). Calculate the highest common factor of q and r.
23
Let g be (-33)/(-2) - ((-68)/(-8) - 8). Suppose -4*a + 556 = 4*j, -j - 3*a = -6*j + 735. Calculate the greatest common divisor of g and j.
16
Let g = 7 - 2. Suppose -9*i + 24 = -g*i. Suppose l - 52 = 3*t - i*t, -3*l = 2*t - 30. What is the highest common divisor of t and 9?
9
Let z be (1/(-20)*-16)/(2/5). Calculate the greatest common divisor of 34 and z.
2
Suppose 0 = 27*k - 30*k + 768. What is the greatest common divisor of 64 and k?
64
Suppose -15*i + 11*i - 212 = 0. Let s = -20 - i. Calculate the highest common factor of 3 and s.
3
Let k(o) = -o + 5. Let h be k(-12). Suppose 5*b + 40 = 4*q, q - 2*b - h = b. Suppose 4*t + 17 = q*t. What is the greatest common divisor of t and 51?
17
Suppose 8 = -5*t + 63. Let d = -30 + 32. Let k be (d/(-8))/(6/(-24)) + 76. Calculate the highest common factor of t and k.
11
Let q = 26 - 12. Let k be (-20)/4*(-2 - q). What is the highest common factor of 16 and k?
16
Let t = 4 + -6. Let q = t + 46. Let h = -35 - -39. Calculate the highest common divisor of h and q.
4
Let w(k) = k**3 + k**2 + 7. Let d be w(0). Let g = 101 - 45. Calculate the highest common factor of g and d.
7
Let m(k) = k**2 + 6*k + 9. Let q be m(-6). Suppose 7*r = w + 8*r - 14, 1 = -w + 2*r. Calculate the highest common divisor of q and w.
9
Suppose -63*q + 660 = -19*q. Calculate the greatest common divisor of q and 30.
15
Let q(y) = 23*y. Let b be q(-1). Let m = b + 48. Calculate the highest common divisor of m and 25.
25
Suppose 2*n + 6*i - 50 = 9*i, 5*n - 104 = -3*i. What is the highest common divisor of n and 638?
22
Suppose 5*t = 2*m + 8, 2*m + 0*t + 4 = 3*t. Suppose 5*c = -2*x + x + 15, 6 = 2*c. Let w = 1 - x. What is the greatest common factor of w and m?
1
Let t = 16 + -13. Suppose t*v - 120 = -2*v. Calculate the greatest common divisor of 3 and v.
3
Let g(k) = -k - 8 + 4*k - 13*k. Let i be g(-2). Calculate the greatest common divisor of 132 and i.
12
Suppose 10*h - m - 122 = 6*h, -4*h = 2*m - 116. Calculate the greatest common divisor of 15 and h.
15
Suppose -4*n + 125 = -91. Let y be (n/21)/(6/112). What is the highest common factor of y and 6?
6
Let p(m) = -m**3 - 3*m**2 - 4*m - 4. Let v be p(-3). Let l = 267 + v. What is the greatest common divisor of 110 and l?
55
Suppose 4*q - 823 = 3*v, -q + 2*v = -2*q + 214. What is the highest common divisor of 48 and q?
16
Let k = 358 - 211. What is the greatest common factor of k and 98?
49
Let p = 22 - 11. Let j = 25 - 23. Suppose -1 = j*s - p. What is the highest common factor of 5 and s?
5
Let t = -450 + 510. Calculate the greatest common divisor of t and 135.
15
Suppose -3*j - 105 = -3*q, -3*j - 47 = -q - 8. What is the greatest common divisor of q and 44?
11
Let l be 1/(-1)*(1 + 0 + -4). Calculate the greatest common divisor of 6 and l.
3
Let z be 269 + -45 + 2*2. Calculate the greatest common factor of 24 and z.
12
Suppose 0 = 4*w - 6*w + 3*y - 267, 2*w + 2*y + 282 = 0. Let g = w + 192. What is the greatest common divisor of g and 135?
27
Let i(n) = -4*n**3 - 4*n**2 - 4*n + 32. Let j be i(-8). Calculate the greatest common divisor of 64 and j.
64
Suppose -5*a = 4*x - 112, -32*x = -36*x - 2*a + 124. Calculate the highest common divisor of 484 and x.
11
Let g = -485 - -510. What is the greatest common factor of 10 and g?
5
Let d(j) = 2*j**2 - 9*j. Let b be d(7). Suppose 68 + 527 